{"id":14071,"date":"2023-07-03T20:09:44","date_gmt":"2023-07-03T20:09:44","guid":{"rendered":"https:\/\/best-uns.com\/?page_id=14071"},"modified":"2023-07-03T20:51:27","modified_gmt":"2023-07-03T20:51:27","slug":"nos-services","status":"publish","type":"page","link":"https:\/\/best-uns.com\/index.php\/nos-services\/","title":{"rendered":"Nos services"},"content":{"rendered":"\t\t<div data-elementor-type=\"wp-page\" data-elementor-id=\"14071\" class=\"elementor elementor-14071\">\n\t\t\t\t\t\t\t\t\t<section class=\"elementor-section elementor-top-section elementor-element elementor-element-6d3838b elementor-section-boxed elementor-section-height-default elementor-section-height-default\" data-id=\"6d3838b\" data-element_type=\"section\">\n\t\t\t\t\t\t<div class=\"elementor-container elementor-column-gap-default\">\n\t\t\t\t\t<div class=\"elementor-column elementor-col-100 elementor-top-column elementor-element elementor-element-00004c0\" data-id=\"00004c0\" data-element_type=\"column\">\n\t\t\t<div class=\"elementor-widget-wrap elementor-element-populated\">\n\t\t\t\t\t\t\t\t<div class=\"elementor-element elementor-element-8cf5525 elementor-widget elementor-widget-text-editor\" data-id=\"8cf5525\" data-element_type=\"widget\" data-widget_type=\"text-editor.default\">\n\t\t\t\t<div class=\"elementor-widget-container\">\n\t\t\t<style>\/*! elementor - v3.13.3 - 28-05-2023 *\/\n.elementor-widget-text-editor.elementor-drop-cap-view-stacked .elementor-drop-cap{background-color:#69727d;color:#fff}.elementor-widget-text-editor.elementor-drop-cap-view-framed .elementor-drop-cap{color:#69727d;border:3px solid;background-color:transparent}.elementor-widget-text-editor:not(.elementor-drop-cap-view-default) .elementor-drop-cap{margin-top:8px}.elementor-widget-text-editor:not(.elementor-drop-cap-view-default) .elementor-drop-cap-letter{width:1em;height:1em}.elementor-widget-text-editor .elementor-drop-cap{float:left;text-align:center;line-height:1;font-size:50px}.elementor-widget-text-editor .elementor-drop-cap-letter{display:inline-block}<\/style>\t\t\t\t<p>Best-UNS est une agence de consulting sp\u00e9cialis\u00e9e dans les \u00e9tudes en Allemagne. Nous vous proposons une large gamme de services, depuis votre premier jour jusqu&#8217;\u00e0 l&#8217;obtention de votre visa \u00e9tudes, et m\u00eame pendant vos premiers pas en Allemagne. Notre objectif est de vous assister et de vous conseiller tout au long de vos d\u00e9marches administratives, afin de vous offrir le meilleur plan d&#8217;actions pour la r\u00e9alisation de votre projet d&#8217;\u00e9tudes.<\/p>\t\t\t\t\t\t<\/div>\n\t\t\t\t<\/div>\n\t\t\t\t\t<\/div>\n\t\t<\/div>\n\t\t\t\t\t\t\t<\/div>\n\t\t<\/section>\n\t\t\t\t<section class=\"elementor-section elementor-top-section elementor-element elementor-element-67c5f8d elementor-section-boxed elementor-section-height-default elementor-section-height-default\" data-id=\"67c5f8d\" data-element_type=\"section\">\n\t\t\t\t\t\t<div class=\"elementor-container elementor-column-gap-default\">\n\t\t\t\t\t<div class=\"elementor-column elementor-col-100 elementor-top-column elementor-element elementor-element-3e72b9a\" data-id=\"3e72b9a\" data-element_type=\"column\">\n\t\t\t<div class=\"elementor-widget-wrap elementor-element-populated\">\n\t\t\t\t\t\t\t\t<div class=\"elementor-element elementor-element-950b75c elementor-widget elementor-widget-heading\" data-id=\"950b75c\" data-element_type=\"widget\" data-widget_type=\"heading.default\">\n\t\t\t\t<div class=\"elementor-widget-container\">\n\t\t\t<style>\/*! elementor - v3.13.3 - 28-05-2023 *\/\n.elementor-heading-title{padding:0;margin:0;line-height:1}.elementor-widget-heading .elementor-heading-title[class*=elementor-size-]>a{color:inherit;font-size:inherit;line-height:inherit}.elementor-widget-heading .elementor-heading-title.elementor-size-small{font-size:15px}.elementor-widget-heading .elementor-heading-title.elementor-size-medium{font-size:19px}.elementor-widget-heading .elementor-heading-title.elementor-size-large{font-size:29px}.elementor-widget-heading .elementor-heading-title.elementor-size-xl{font-size:39px}.elementor-widget-heading .elementor-heading-title.elementor-size-xxl{font-size:59px}<\/style><h2 class=\"elementor-heading-title elementor-size-default\">Avant la demande de visa<\/h2>\t\t<\/div>\n\t\t\t\t<\/div>\n\t\t\t\t\t<\/div>\n\t\t<\/div>\n\t\t\t\t\t\t\t<\/div>\n\t\t<\/section>\n\t\t\t\t<section class=\"elementor-section elementor-top-section elementor-element elementor-element-fd4138d elementor-section-boxed elementor-section-height-default elementor-section-height-default\" data-id=\"fd4138d\" data-element_type=\"section\">\n\t\t\t\t\t\t<div class=\"elementor-container elementor-column-gap-default\">\n\t\t\t\t\t<div class=\"elementor-column elementor-col-50 elementor-top-column elementor-element elementor-element-a633e62\" data-id=\"a633e62\" data-element_type=\"column\">\n\t\t\t<div class=\"elementor-widget-wrap elementor-element-populated\">\n\t\t\t\t\t\t\t\t<div class=\"elementor-element elementor-element-c488f1d elementor-widget elementor-widget-text-editor\" data-id=\"c488f1d\" data-element_type=\"widget\" data-widget_type=\"text-editor.default\">\n\t\t\t\t<div class=\"elementor-widget-container\">\n\t\t\t\t\t\t\t<ul><li>Conseil et assistance dans le choix de l\u2019\u00e9cole de langue en Allemagne.<\/li><li>Pr\u00e9inscription ou contact avec une universit\u00e9 allemande.<\/li><li>R\u00e9servation de logement.<br \/>Compte bloqu\u00e9 en Allemagne<\/li><li>Aide \u00e0 la r\u00e9daction de votre CV et de votre lettre de motivation.<\/li><li>Pr\u00e9paration et montage du dossier de demande de visa.<\/li><li>Prise de rendez-vous pour le d\u00e9p\u00f4t de demande de visa.<\/li><li>Accompagnement lors des d\u00e9marches administratives.<\/li><\/ul>\t\t\t\t\t\t<\/div>\n\t\t\t\t<\/div>\n\t\t\t\t\t<\/div>\n\t\t<\/div>\n\t\t\t\t<div class=\"elementor-column elementor-col-50 elementor-top-column elementor-element elementor-element-d419c90\" data-id=\"d419c90\" data-element_type=\"column\">\n\t\t\t<div class=\"elementor-widget-wrap elementor-element-populated\">\n\t\t\t\t\t\t\t\t<div class=\"elementor-element elementor-element-2455099 elementor-widget elementor-widget-image\" data-id=\"2455099\" data-element_type=\"widget\" data-widget_type=\"image.default\">\n\t\t\t\t<div class=\"elementor-widget-container\">\n\t\t\t<style>\/*! elementor - v3.13.3 - 28-05-2023 *\/\n.elementor-widget-image{text-align:center}.elementor-widget-image a{display:inline-block}.elementor-widget-image a img[src$=\".svg\"]{width:48px}.elementor-widget-image img{vertical-align:middle;display:inline-block}<\/style>\t\t\t\t\t\t\t\t\t\t\t\t<img loading=\"lazy\" decoding=\"async\" width=\"640\" height=\"368\" src=\"https:\/\/best-uns.com\/wp-content\/uploads\/2016\/01\/event-4.jpg\" class=\"attachment-large size-large wp-image-3702\" alt=\"\" srcset=\"https:\/\/best-uns.com\/wp-content\/uploads\/2016\/01\/event-4.jpg 870w, https:\/\/best-uns.com\/wp-content\/uploads\/2016\/01\/event-4-600x345.jpg 600w, https:\/\/best-uns.com\/wp-content\/uploads\/2016\/01\/event-4-300x172.jpg 300w, https:\/\/best-uns.com\/wp-content\/uploads\/2016\/01\/event-4-768x441.jpg 768w\" sizes=\"auto, (max-width: 640px) 100vw, 640px\" \/>\t\t\t\t\t\t\t\t\t\t\t\t\t\t\t<\/div>\n\t\t\t\t<\/div>\n\t\t\t\t\t<\/div>\n\t\t<\/div>\n\t\t\t\t\t\t\t<\/div>\n\t\t<\/section>\n\t\t\t\t<section class=\"elementor-section elementor-top-section elementor-element elementor-element-391b57e elementor-section-boxed elementor-section-height-default elementor-section-height-default\" data-id=\"391b57e\" data-element_type=\"section\">\n\t\t\t\t\t\t<div class=\"elementor-container elementor-column-gap-default\">\n\t\t\t\t\t<div class=\"elementor-column elementor-col-100 elementor-top-column elementor-element elementor-element-58502f7\" data-id=\"58502f7\" data-element_type=\"column\">\n\t\t\t<div class=\"elementor-widget-wrap elementor-element-populated\">\n\t\t\t\t\t\t\t\t<div class=\"elementor-element elementor-element-fbee387 elementor-widget elementor-widget-heading\" data-id=\"fbee387\" data-element_type=\"widget\" data-widget_type=\"heading.default\">\n\t\t\t\t<div class=\"elementor-widget-container\">\n\t\t\t<h2 class=\"elementor-heading-title elementor-size-default\">Apr\u00e8s la d\u00e9livrance de visa<\/h2>\t\t<\/div>\n\t\t\t\t<\/div>\n\t\t\t\t\t<\/div>\n\t\t<\/div>\n\t\t\t\t\t\t\t<\/div>\n\t\t<\/section>\n\t\t\t\t<section class=\"elementor-section elementor-top-section elementor-element elementor-element-1b1264f elementor-section-boxed elementor-section-height-default elementor-section-height-default\" data-id=\"1b1264f\" data-element_type=\"section\">\n\t\t\t\t\t\t<div class=\"elementor-container elementor-column-gap-default\">\n\t\t\t\t\t<div class=\"elementor-column elementor-col-100 elementor-top-column elementor-element elementor-element-a600836\" data-id=\"a600836\" data-element_type=\"column\">\n\t\t\t<div class=\"elementor-widget-wrap elementor-element-populated\">\n\t\t\t\t\t\t\t\t<div class=\"elementor-element elementor-element-ac978be elementor-widget elementor-widget-text-editor\" data-id=\"ac978be\" data-element_type=\"widget\" data-widget_type=\"text-editor.default\">\n\t\t\t\t<div class=\"elementor-widget-container\">\n\t\t\t\t\t\t\t<ul><li>Dossier d\u2019exon\u00e9ration de taxe sur le voyage \u00e0 l\u2019\u00e9tranger (timbre de voyage).<\/li><li>Une session informative sur la ville d\u2019\u00e9tudes avant votre d\u00e9part.<\/li><li>Confirmation de l\u2019adresse du logement.<\/li><\/ul>\t\t\t\t\t\t<\/div>\n\t\t\t\t<\/div>\n\t\t\t\t\t<\/div>\n\t\t<\/div>\n\t\t\t\t\t\t\t<\/div>\n\t\t<\/section>\n\t\t\t\t<section class=\"elementor-section elementor-top-section elementor-element elementor-element-444f4f4 elementor-section-boxed elementor-section-height-default elementor-section-height-default\" data-id=\"444f4f4\" data-element_type=\"section\">\n\t\t\t\t\t\t<div class=\"elementor-container elementor-column-gap-default\">\n\t\t\t\t\t<div class=\"elementor-column elementor-col-100 elementor-top-column elementor-element elementor-element-df65bbe\" data-id=\"df65bbe\" data-element_type=\"column\">\n\t\t\t<div class=\"elementor-widget-wrap elementor-element-populated\">\n\t\t\t\t\t\t\t\t<div class=\"elementor-element elementor-element-b13812c elementor-widget elementor-widget-heading\" data-id=\"b13812c\" data-element_type=\"widget\" data-widget_type=\"heading.default\">\n\t\t\t\t<div class=\"elementor-widget-container\">\n\t\t\t<h2 class=\"elementor-heading-title elementor-size-default\">Apr\u00e8s votre d\u00e9part<\/h2>\t\t<\/div>\n\t\t\t\t<\/div>\n\t\t\t\t\t<\/div>\n\t\t<\/div>\n\t\t\t\t\t\t\t<\/div>\n\t\t<\/section>\n\t\t\t\t<section class=\"elementor-section elementor-top-section elementor-element elementor-element-cbf2fba elementor-section-boxed elementor-section-height-default elementor-section-height-default\" data-id=\"cbf2fba\" data-element_type=\"section\">\n\t\t\t\t\t\t<div class=\"elementor-container elementor-column-gap-default\">\n\t\t\t\t\t<div class=\"elementor-column elementor-col-100 elementor-top-column elementor-element elementor-element-ce2eb15\" data-id=\"ce2eb15\" data-element_type=\"column\">\n\t\t\t<div class=\"elementor-widget-wrap elementor-element-populated\">\n\t\t\t\t\t\t\t\t<div class=\"elementor-element elementor-element-c9af98a elementor-widget elementor-widget-text-editor\" data-id=\"c9af98a\" data-element_type=\"widget\" data-widget_type=\"text-editor.default\">\n\t\t\t\t<div class=\"elementor-widget-container\">\n\t\t\t\t\t\t\t<ul><li>Aide dans les formalit\u00e9s administratives en Allemagne (enregistrement de r\u00e9sidence, assurance, prolongation du titre de s\u00e9jour &#8230;).<\/li><li>D\u00e9blocage de votre compte bancaire en Allemagne.<\/li><\/ul>\t\t\t\t\t\t<\/div>\n\t\t\t\t<\/div>\n\t\t\t\t\t<\/div>\n\t\t<\/div>\n\t\t\t\t\t\t\t<\/div>\n\t\t<\/section>\n\t\t\t\t<section class=\"elementor-section elementor-top-section elementor-element elementor-element-c09a24d elementor-section-boxed elementor-section-height-default elementor-section-height-default\" data-id=\"c09a24d\" data-element_type=\"section\">\n\t\t\t\t\t\t<div class=\"elementor-container elementor-column-gap-default\">\n\t\t\t\t\t<div class=\"elementor-column elementor-col-100 elementor-top-column elementor-element elementor-element-b44fdad\" data-id=\"b44fdad\" data-element_type=\"column\">\n\t\t\t<div class=\"elementor-widget-wrap elementor-element-populated\">\n\t\t\t\t\t\t\t\t<div class=\"elementor-element elementor-element-64537ed elementor-widget elementor-widget-heading\" data-id=\"64537ed\" data-element_type=\"widget\" data-widget_type=\"heading.default\">\n\t\t\t\t<div class=\"elementor-widget-container\">\n\t\t\t<h2 class=\"elementor-heading-title elementor-size-default\">Services compl\u00e9mentaires en option<\/h2>\t\t<\/div>\n\t\t\t\t<\/div>\n\t\t\t\t\t<\/div>\n\t\t<\/div>\n\t\t\t\t\t\t\t<\/div>\n\t\t<\/section>\n\t\t\t\t<section class=\"elementor-section elementor-top-section elementor-element elementor-element-8aa5b35 elementor-section-boxed elementor-section-height-default elementor-section-height-default\" data-id=\"8aa5b35\" data-element_type=\"section\">\n\t\t\t\t\t\t<div class=\"elementor-container elementor-column-gap-default\">\n\t\t\t\t\t<div class=\"elementor-column elementor-col-50 elementor-top-column elementor-element elementor-element-f08ae76\" data-id=\"f08ae76\" data-element_type=\"column\">\n\t\t\t<div class=\"elementor-widget-wrap elementor-element-populated\">\n\t\t\t\t\t\t\t\t<div class=\"elementor-element elementor-element-0e1bd98 elementor-widget elementor-widget-text-editor\" data-id=\"0e1bd98\" data-element_type=\"widget\" data-widget_type=\"text-editor.default\">\n\t\t\t\t<div class=\"elementor-widget-container\">\n\t\t\t\t\t\t\t<ul><li>Cours intensifs d\u2019allemand \u00e0 Tunis.<br \/>Traduction de documents : dipl\u00f4mes, relev\u00e9s de notes&#8230;<\/li><li>R\u00e9servation du billet d\u2019avion.<\/li><li>Accueil et installation en Allemagne assur\u00e9s par les institutions partenaires.<\/li><li>Op\u00e9rations bancaires rapides et d\u2019une assurance de voyage gratuite assur\u00e9es par notre banque partenaire \u00e0 Tunis.<\/li><li>Cours intensifs d\u2019allemand \u00e0 Tunis.<\/li><li>Traduction de documents : dipl\u00f4mes, relev\u00e9s de notes&#8230;<\/li><li>R\u00e9servation du billet d\u2019avion.<\/li><li>Accueil et installation en Allemagne assur\u00e9s par les institutions partenaires.<\/li><li>Op\u00e9rations bancaires rapides et d\u2019une assurance de voyage gratuite assur\u00e9es par notre banque partenaire \u00e0 Tunis.<\/li><li>Chez Best-UNS, nous mettons \u00e0 votre disposition une gamme compl\u00e8te de services pour vous accompagner dans vos \u00e9tudes en Allemagne.<\/li><\/ul>\t\t\t\t\t\t<\/div>\n\t\t\t\t<\/div>\n\t\t\t\t\t<\/div>\n\t\t<\/div>\n\t\t\t\t<div class=\"elementor-column elementor-col-50 elementor-top-column elementor-element elementor-element-cae4a6a\" data-id=\"cae4a6a\" data-element_type=\"column\">\n\t\t\t<div class=\"elementor-widget-wrap elementor-element-populated\">\n\t\t\t\t\t\t\t\t<div class=\"elementor-element elementor-element-1dd12df elementor-widget elementor-widget-image\" data-id=\"1dd12df\" data-element_type=\"widget\" data-widget_type=\"image.default\">\n\t\t\t\t<div class=\"elementor-widget-container\">\n\t\t\t\t\t\t\t\t\t\t\t\t\t\t\t<img loading=\"lazy\" decoding=\"async\" width=\"640\" height=\"427\" src=\"https:\/\/best-uns.com\/wp-content\/uploads\/2022\/11\/course-16.jpg\" class=\"attachment-large size-large wp-image-13427\" alt=\"\" srcset=\"https:\/\/best-uns.com\/wp-content\/uploads\/2022\/11\/course-16.jpg 1020w, https:\/\/best-uns.com\/wp-content\/uploads\/2022\/11\/course-16-600x400.jpg 600w, https:\/\/best-uns.com\/wp-content\/uploads\/2022\/11\/course-16-300x200.jpg 300w, https:\/\/best-uns.com\/wp-content\/uploads\/2022\/11\/course-16-768x512.jpg 768w\" sizes=\"auto, (max-width: 640px) 100vw, 640px\" \/>\t\t\t\t\t\t\t\t\t\t\t\t\t\t\t<\/div>\n\t\t\t\t<\/div>\n\t\t\t\t\t<\/div>\n\t\t<\/div>\n\t\t\t\t\t\t\t<\/div>\n\t\t<\/section>\n\t\t\t\t<section class=\"elementor-section elementor-top-section elementor-element elementor-element-027d236 elementor-section-boxed elementor-section-height-default elementor-section-height-default\" data-id=\"027d236\" data-element_type=\"section\">\n\t\t\t\t\t\t<div class=\"elementor-container elementor-column-gap-default\">\n\t\t\t\t\t<div class=\"elementor-column elementor-col-100 elementor-top-column elementor-element elementor-element-e9de6f3\" data-id=\"e9de6f3\" data-element_type=\"column\">\n\t\t\t<div class=\"elementor-widget-wrap elementor-element-populated\">\n\t\t\t\t\t\t\t\t<div class=\"elementor-element elementor-element-fc8278f elementor-widget elementor-widget-text-editor\" data-id=\"fc8278f\" data-element_type=\"widget\" data-widget_type=\"text-editor.default\">\n\t\t\t\t<div class=\"elementor-widget-container\">\n\t\t\t\t\t\t\t<p>Nos experts vous guideront dans toutes les \u00e9tapes de votre projet, en vous offrant un soutien personnalis\u00e9 et en veillant \u00e0 votre r\u00e9ussite. Faites confiance \u00e0 notre agence pour concr\u00e9tiser vos ambitions d&#8217;\u00e9tudes en Allemagne.<\/p>\t\t\t\t\t\t<\/div>\n\t\t\t\t<\/div>\n\t\t\t\t\t<\/div>\n\t\t<\/div>\n\t\t\t\t\t\t\t<\/div>\n\t\t<\/section>\n\t\t\t\t\t\t\t<\/div>\n\t\t","protected":false},"excerpt":{"rendered":"<p>Best-UNS est une agence de consulting sp\u00e9cialis\u00e9e dans les \u00e9tudes en Allemagne. Nous vous proposons une large gamme de services, depuis votre premier jour jusqu&#8217;\u00e0 l&#8217;obtention de votre visa \u00e9tudes, et m\u00eame pendant vos premiers pas en Allemagne. Notre objectif &hellip; <\/p>\n","protected":false},"author":1,"featured_media":0,"parent":0,"menu_order":0,"comment_status":"closed","ping_status":"closed","template":"","meta":{"footnotes":""},"class_list":["post-14071","page","type-page","status-publish","hentry"],"_links":{"self":[{"href":"https:\/\/best-uns.com\/index.php\/wp-json\/wp\/v2\/pages\/14071","targetHints":{"allow":["GET"]}}],"collection":[{"href":"https:\/\/best-uns.com\/index.php\/wp-json\/wp\/v2\/pages"}],"about":[{"href":"https:\/\/best-uns.com\/index.php\/wp-json\/wp\/v2\/types\/page"}],"author":[{"embeddable":true,"href":"https:\/\/best-uns.com\/index.php\/wp-json\/wp\/v2\/users\/1"}],"replies":[{"embeddable":true,"href":"https:\/\/best-uns.com\/index.php\/wp-json\/wp\/v2\/comments?post=14071"}],"version-history":[{"count":10,"href":"https:\/\/best-uns.com\/index.php\/wp-json\/wp\/v2\/pages\/14071\/revisions"}],"predecessor-version":[{"id":14088,"href":"https:\/\/best-uns.com\/index.php\/wp-json\/wp\/v2\/pages\/14071\/revisions\/14088"}],"wp:attachment":[{"href":"https:\/\/best-uns.com\/index.php\/wp-json\/wp\/v2\/media?parent=14071"}],"curies":[{"name":"wp","href":"https:\/\/api.w.org\/{rel}","templated":true}]}}